lse
Let a(b) = -8*b**2 + 8*b + 134. Let d(m) = 7*m**2 - 7*m - 133. Let k(s) = -6*a(s) - 7*d(s). Is k(0) prime?
True
Let t be 1 + 1 + 74 + 3. Is t + 0 - (-1 + 1) composite?
False
Let i(l) = -16*l**3 - 4*l**2 - 5*l - 2. Is i(-3) a composite number?
False
Let j(k) = k + 1. Let i be j(3). Suppose 9*g = i*g + 290. Is g a composite number?
True
Suppose n - 342 = -z, -2*n + 689 = -2*z + 3*z. Is n a composite number?
False
Let c = -774 - -366. Let t = -1056 - c. Is 1 - -2 - t/6 prime?
False
Suppose m - 2228 = -4*z, -z = 4*z - 2*m - 2785. Is z a prime number?
True
Suppose 5*c = -347 + 3942. Is c a prime number?
True
Suppose 3*m - 5*m = 2. Let f be -2 - 0 - (8 - 10). Is 38 - (0 - f - m) a prime number?
True
Is (1 - 0)*0 - -103 composite?
False
Suppose 7*c - 4*m = 2*c - 15, c - 2*m = -3. Let p be c*(-1)/((-6)/(-92)). Suppose 2*n = -j - 4*j + p, -j - 136 = -4*n. Is n composite?
True
Let a(z) = 349*z**2 - 5*z + 3. Is a(1) prime?
True
Suppose w = 3*u - 4 + 1, -4*w + 8 = -2*u. Let f be u + -1 - (-63 + 2). Suppose -5 = 3*m - f. Is m composite?
False
Let i(t) = -3*t**3 - 31*t**2 - 13*t + 12. Is i(-11) a composite number?
False
Let y = -62 + 118. Suppose -252 = -2*r + y. Suppose 77 = -d + 2*d + x, -2*d + x + r = 0. Is d a prime number?
False
Suppose -3*s + 4*b = 2*s - 7397, -3*b = -5*s + 7399. Is s a composite number?
False
Suppose 0 = 5*c - 4*u - 110, -5*u + 155 = 4*c + c. Is c a prime number?
False
Let d(t) = -t**3 + 5*t**2 - 4*t - 1. Let y be d(4). Let n be y/(2/(-2))*508. Suppose -c = -5*c + n. Is c a prime number?
True
Let h(z) = 7*z**2. Let m be h(-2). Suppose y + 2 = -0*y. Is m - (y + -2 + 6) prime?
False
Suppose 2*s = 4*s - 3*b - 1079, 0 = 5*s + 5*b - 2760. Is s a prime number?
True
Suppose -5*g - 2*k = -138, 0 = 2*g + 2*k + 2*k - 68. Is g a prime number?
False
Let w(z) = 10*z - 1. Is w(5) prime?
False
Suppose -2*c + 119 = -871. Suppose 4*p = 20, -4*r + c = r + 4*p. Is r a composite number?
True
Let c be 2/(-1 - (4 + -3)). Is (-2 + -1)*c - 0 a composite number?
False
Let l be (-15)/1 + 2 + -3. Let x = l - -35. Is x a composite number?
False
Let f = 4 - 1. Suppose f*j - 11 = -s, -6*j = -2*j + 3*s - 18. Suppose j*i - 40 = -c + 96, 0 = -4*i - 3*c + 173. Is i a composite number?
False
Suppose -j + 1251 = -2*h, -j = -4*h - 0*h - 1243. Is j a prime number?
True
Suppose 0 = -4*z - 0*z + 2740. Suppose 4*p = 2*j + 2*j + 532, 0 = 5*p + 5*j - z. Is (-1)/2 - p/(-2) prime?
True
Let p = -44 + 315. Is p a composite number?
False
Let a(y) = 68*y + 37. Is a(12) a composite number?
False
Let m(z) = 74*z**2 + 3*z + 3. Is m(-2) a composite number?
False
Suppose 0 = 3*v - 5*v + 18. Let s(h) = 22*h + 5. Is s(v) a composite number?
True
Suppose -3*f = f - 236. Let b = f - 22. Is b a prime number?
True
Suppose 15*r = 9*r + 4458. Is r a composite number?
False
Let z(y) be the second derivative of -5*y**3/2 + y**2/2 + 12*y. Let l be (-4)/(-3)*9/(-6). Is z(l) composite?
False
Let i(l) = -l + 5. Let s be i(3). Suppose s*k = 2*p - 214, -p = -4*k + 2*k - 108. Suppose 2*w = -2*n + p, 5*w = -2*n + 6*w + 106. Is n composite?
False
Let l be 2/7 - (-364)/98. Suppose 4*r - 592 = -5*k + k, 0 = l*k - 20. Is r a composite number?
True
Let j be (1/(-2))/((-3)/(-354)). Let z = j - -37. Let f = 41 + z. Is f a prime number?
True
Suppose 4 = 4*f - 2*f. Suppose 3*g - 2*o + 9 = 2*g, -18 = f*g - 3*o. Is 3/g + (-308)/(-6) prime?
False
Suppose 38 = -4*v + 6. Let l = v + 11. Is (-37)/((l + -1)/(-2)) a prime number?
True
Let c be -4*(2 - (-39)/(-12)). Suppose -c*v + 49 = -46. Is v prime?
True
Let h = -153 - -246. Is h composite?
True
Is (-4 + -449 - -4)*-1 a composite number?
False
Let p(d) = d**3 + 8*d**2 - 5*d - 5. Suppose 0*w + w + 10 = -v, -4*v = -w. Let a = w - 0. Is p(a) a composite number?
True
Suppose -3*n = -4*o + 11, -5*o - 2*n - 2 = -10. Let w(s) = 53*s + 3. Is w(o) a composite number?
False
Let i(u) = u - 3 - 18*u + 2. Is i(-4) a composite number?
False
Suppose 3 = n + 1. Let v(i) = i. Let j be v(n). Suppose 5*y + s - 113 = 0, 0 = -4*y + 5*y - j*s - 27. Is y a prime number?
True
Is (-1572)/18*42/(-4) a composite number?
True
Let s = -74 - -133. Is s prime?
True
Suppose -335 = -3*n + 4*m + 448, -2*m - 1291 = -5*n. Is n prime?
True
Suppose k - 15 = -4. Suppose -r + k + 3 = 0. Is r a prime number?
False
Let g(d) = -19*d + 2. Let c(h) = -56*h + 6. Let o(s) = 4*c(s) - 11*g(s). Is o(-3) prime?
True
Let h be (-2)/8 + 93/4. Suppose -4*y + h = -13. Suppose 4*w - 46 = 2*w - 4*g, -w = -5*g - y. Is w a composite number?
False
Is (-2690)/(-4) + (-1)/(-2) a composite number?
False
Let o = 495 + -272. Is o a composite number?
False
Let z(d) = -d**3 + 4*d**2 + 2*d - 5. Suppose -7*y + 5*y + 8 = 0. Let w be z(y). Suppose -132 - 117 = -w*p - 2*c, -346 = -4*p + 2*c. Is p prime?
False
Suppose 2*d - 1 = 1. Is (d - -61)*(-1)/(-2) prime?
True
Suppose 4*d - 58 = a, -3*d + d - 356 = 5*a. Is a/6*(-9)/3 a prime number?
False
Let d(a) = -a**2 - 9*a - 3. Let p be d(-8). Suppose 2*l = p*l - 18. Is l a composite number?
True
Let g(z) = -8*z**2 - 29*z + 5. Let a(p) = -2 + 10*p + 5*p**2 + 2*p**2 - 4*p**2. Let k(q) = 17*a(q) + 6*g(q). Is k(-3) a prime number?
False
Suppose -3*y + 4*y = -84. Let g = y - -119. Is g composite?
True
Let k(s) = 17*s**2 - 7*s - 9. Is k(-4) composite?
True
Let k = 9 - 10. Is k/(-5) + (-222)/(-15) a prime number?
False
Suppose 8*n - 19098 = 2*n. Is n a prime number?
False
Is (3 - (6 + 1)) + 1065 a prime number?
True
Suppose z = -3*k + 62, 2*z - 2*k + k - 138 = 0. Suppose z + 1 = m. Is m prime?
False
Is (-1 - -1309) + 95/19 composite?
True
Suppose -2*g - 1092 = -6*g. Suppose 2*p = 5*p - g. Is p a prime number?
False
Suppose -634 = -3*b - 211. Is b a prime number?
False
Let g be (-6 - 7)/(1/(-7)). Suppose g = 5*r - 4*i, 0 = -r - 0*i + 2*i + 17. Suppose 3*p = w - r, 4*w - 3*w = -3*p + 43. Is w a prime number?
True
Let k(r) = 12*r**2 - 5*r + 6. Let u be (6/(-4))/((-3)/(-10)). Is k(u) composite?
False
Is 1324 - (8 + -4) - 1 a prime number?
True
Suppose -m - 2584 = 4*q, 5*q = -0*q - 4*m - 3219. Let h = -294 - q. Is h composite?
False
Suppose -s + 24 - 3 = 0. Is s prime?
False
Let u be 2/(-5) - 6/(-15). Let c = 0 + u. Suppose c = -2*g + 6 + 32. Is g a composite number?
False
Suppose -4*u = 5 + 11. Let p be (u/4)/((-2)/8). Suppose 6*g - 93 = -5*v + 4*g, p*v + 4*g = 72. Is v prime?
True
Suppose 5*s - 2*s = 1227. Is s a prime number?
True
Let r be -2 + (-4)/(-1) + 2. Suppose 2*l - 10 = -r. Is l composite?
False
Suppose 0 = 2*j - y + 17, 3 = -3*j - 3*y - 0. Is j/12 - (-134)/4 prime?
False
Let d(a) = 3*a - 1. Let c(q) = -3*q + 1. Let w be c(-2). Let o be d(w). Suppose 33 = x - o. Is x a composite number?
False
Let z = -15 - -19. Is z prime?
False
Let d = -21 - -74. Is d prime?
True
Let l = -186 + 443. Is l a composite number?
False
Let k = -1 + 7. Let p(q) = -7*q**2 + 2*q - 7. Let i(d) = -8*d**2 + 2*d - 8. Let o(h) = k*i(h) - 7*p(h). Is o(4) a prime number?
False
Suppose r - 2*r + 373 = 0. Is r a prime number?
True
Let f(r) = -r**2 - 3*r - 2. Let m = 6 - 8. Let t be f(m). Suppose 2*u - c = -2*u + 358, 3*u + 5*c - 257 = t. Is u composite?
False
Let w(b) = -17*b + 1. Is w(-2) composite?
True
Let t be 287 + (3 - 1) + -3. Suppose -2*q + t = 3*m - 0*m, 2*q - 5*m = 286. Is q a prime number?
False
Suppose -3*q + u + 200 = q, q - 41 = -2*u. Is q composite?
True
Let q = -250 + 503. Suppose 5*a + j = q, 2*a + 3*j + j - 94 = 0. Is a a composite number?
True
Let y(t) be the first derivative of 25*t**3/3 + 2*t**2 - 5*t - 2. Is y(4) prime?
False
Let t be (-3 + 3)*1/(-2). Suppose t*d + 301 = d. Is d prime?
False
Let k be 0/(-1 - 2) + -4. Let p = k - -6. Suppose 0 = 3*a - 5*q - 300, -a + p*q = -0*q - 101. Is a composite?
True
Let z(n) = n + 187. Is z(0) a prime number?
False
Suppose 0 = -0*r - 4*r + 64. Suppose -2*u = -r + 4. Is u/2 + -1 + 49 composite?
True
Is (-16)/(-48) + 964/6 composite?
True
Let l(x) = x**2 - 4. Is l(15) a composite number?
True
Let k(j) = j**3 - j**2 + 10. Is k(0) a composite number?
True
Suppose 3*v - 9043 = -4*x, 2*v - 4*x - 12048 = -2*v. Is v a composite number?
True
Let h(r) = r - 9. Let n be h(6). Let x(q) be the first derivative of 2*q**3 - q**2/2 - 2*q - 2. Is x(n) a prime number?
False
Let y(w) = -w**3 - 15*w**2 - 15*w. Let a be y(-14). Is (-8)/(-28) + 2250/a composite?
True
Let b be (1/(-2))